{"id":240,"date":"2025-07-02T10:43:33","date_gmt":"2025-07-02T08:43:33","guid":{"rendered":"https:\/\/cac-gourdon.com\/wordpress\/?page_id=240"},"modified":"2026-04-20T08:53:17","modified_gmt":"2026-04-20T06:53:17","slug":"la-vie-du-cac","status":"publish","type":"page","link":"http:\/\/cac-gourdon.com\/wordpress\/la-vie-du-cac\/","title":{"rendered":"La vie du CAC &#8230;"},"content":{"rendered":"\n<h2 class=\"wp-block-heading has-white-color has-vivid-green-cyan-background-color has-text-color has-background has-link-color wp-elements-c4d27a78cf22bf1984493ecd8b53f025\">La pr\u00e9paration de la biennale \u00ab\u00a0v\u00e9g\u00e9tale\u00a0\u00bb 2026<\/h2>\n\n\n\n<hr class=\"wp-block-separator has-alpha-channel-opacity\"\/>\n\n\n\n<div class=\"wp-block-media-text is-stacked-on-mobile\" style=\"grid-template-columns:15% auto\"><figure class=\"wp-block-media-text__media\"><img loading=\"lazy\" decoding=\"async\" width=\"175\" height=\"193\" src=\"https:\/\/cac-gourdon.com\/wordpress\/wp-content\/uploads\/2026\/04\/POLLET-3.jpg\" alt=\"\" class=\"wp-image-602 size-full\"\/><\/figure><div class=\"wp-block-media-text__content\">\n<p><em>15 jours avant le 1er Mai-   <a href=\"https:\/\/cedric-pollet.com\/fr\/\" target=\"_blank\" rel=\"noreferrer noopener\">L&rsquo;art des \u00e9corces<\/a> &#8211; l&rsquo;installation des b\u00e2ches de C\u00e9dric Pollet dans la ville<\/em><strong><em>  .<\/em><\/strong>..<\/p>\n<\/div><\/div>\n\n\n\n<figure class=\"wp-block-gallery has-nested-images columns-default is-cropped wp-block-gallery-1 is-layout-flex wp-block-gallery-is-layout-flex\">\n<figure class=\"wp-block-image size-large\"><img loading=\"lazy\" decoding=\"async\" width=\"768\" height=\"1024\" data-id=\"588\" src=\"https:\/\/cac-gourdon.com\/wordpress\/wp-content\/uploads\/2026\/04\/ae281413-364b-4279-b3fb-4e09c47fb3ef-768x1024.jpeg\" alt=\"\" class=\"wp-image-588\" srcset=\"http:\/\/cac-gourdon.com\/wordpress\/wp-content\/uploads\/2026\/04\/ae281413-364b-4279-b3fb-4e09c47fb3ef-768x1024.jpeg 768w, http:\/\/cac-gourdon.com\/wordpress\/wp-content\/uploads\/2026\/04\/ae281413-364b-4279-b3fb-4e09c47fb3ef-225x300.jpeg 225w, http:\/\/cac-gourdon.com\/wordpress\/wp-content\/uploads\/2026\/04\/ae281413-364b-4279-b3fb-4e09c47fb3ef-1152x1536.jpeg 1152w, http:\/\/cac-gourdon.com\/wordpress\/wp-content\/uploads\/2026\/04\/ae281413-364b-4279-b3fb-4e09c47fb3ef-1024x1365.jpeg 1024w, http:\/\/cac-gourdon.com\/wordpress\/wp-content\/uploads\/2026\/04\/ae281413-364b-4279-b3fb-4e09c47fb3ef.jpeg 1440w\" sizes=\"auto, (max-width: 768px) 100vw, 768px\" \/><\/figure>\n\n\n\n<figure class=\"wp-block-image size-large\"><img loading=\"lazy\" decoding=\"async\" width=\"768\" height=\"1024\" data-id=\"592\" src=\"https:\/\/cac-gourdon.com\/wordpress\/wp-content\/uploads\/2026\/04\/2df8a49b-c203-4875-b1cb-65c2671a3f5d-768x1024.jpeg\" alt=\"\" class=\"wp-image-592\" srcset=\"http:\/\/cac-gourdon.com\/wordpress\/wp-content\/uploads\/2026\/04\/2df8a49b-c203-4875-b1cb-65c2671a3f5d-768x1024.jpeg 768w, http:\/\/cac-gourdon.com\/wordpress\/wp-content\/uploads\/2026\/04\/2df8a49b-c203-4875-b1cb-65c2671a3f5d-225x300.jpeg 225w, http:\/\/cac-gourdon.com\/wordpress\/wp-content\/uploads\/2026\/04\/2df8a49b-c203-4875-b1cb-65c2671a3f5d-1152x1536.jpeg 1152w, http:\/\/cac-gourdon.com\/wordpress\/wp-content\/uploads\/2026\/04\/2df8a49b-c203-4875-b1cb-65c2671a3f5d-1024x1365.jpeg 1024w, http:\/\/cac-gourdon.com\/wordpress\/wp-content\/uploads\/2026\/04\/2df8a49b-c203-4875-b1cb-65c2671a3f5d.jpeg 1440w\" sizes=\"auto, (max-width: 768px) 100vw, 768px\" \/><\/figure>\n\n\n\n<figure class=\"wp-block-image size-large\"><img loading=\"lazy\" decoding=\"async\" width=\"768\" height=\"1024\" data-id=\"593\" src=\"https:\/\/cac-gourdon.com\/wordpress\/wp-content\/uploads\/2026\/04\/5e030bc1-1e6e-4d75-a067-87de2539a747-768x1024.jpeg\" alt=\"\" class=\"wp-image-593\" srcset=\"http:\/\/cac-gourdon.com\/wordpress\/wp-content\/uploads\/2026\/04\/5e030bc1-1e6e-4d75-a067-87de2539a747-768x1024.jpeg 768w, http:\/\/cac-gourdon.com\/wordpress\/wp-content\/uploads\/2026\/04\/5e030bc1-1e6e-4d75-a067-87de2539a747-225x300.jpeg 225w, http:\/\/cac-gourdon.com\/wordpress\/wp-content\/uploads\/2026\/04\/5e030bc1-1e6e-4d75-a067-87de2539a747-1152x1536.jpeg 1152w, http:\/\/cac-gourdon.com\/wordpress\/wp-content\/uploads\/2026\/04\/5e030bc1-1e6e-4d75-a067-87de2539a747-1024x1365.jpeg 1024w, http:\/\/cac-gourdon.com\/wordpress\/wp-content\/uploads\/2026\/04\/5e030bc1-1e6e-4d75-a067-87de2539a747.jpeg 1440w\" sizes=\"auto, (max-width: 768px) 100vw, 768px\" \/><\/figure>\n\n\n\n<figure class=\"wp-block-image size-large\"><img loading=\"lazy\" decoding=\"async\" width=\"768\" height=\"1024\" data-id=\"589\" src=\"https:\/\/cac-gourdon.com\/wordpress\/wp-content\/uploads\/2026\/04\/b7b26634-27bf-49a8-94dd-a6c064037762-768x1024.jpeg\" alt=\"\" class=\"wp-image-589\" srcset=\"http:\/\/cac-gourdon.com\/wordpress\/wp-content\/uploads\/2026\/04\/b7b26634-27bf-49a8-94dd-a6c064037762-768x1024.jpeg 768w, http:\/\/cac-gourdon.com\/wordpress\/wp-content\/uploads\/2026\/04\/b7b26634-27bf-49a8-94dd-a6c064037762-225x300.jpeg 225w, http:\/\/cac-gourdon.com\/wordpress\/wp-content\/uploads\/2026\/04\/b7b26634-27bf-49a8-94dd-a6c064037762-1152x1536.jpeg 1152w, http:\/\/cac-gourdon.com\/wordpress\/wp-content\/uploads\/2026\/04\/b7b26634-27bf-49a8-94dd-a6c064037762-1024x1365.jpeg 1024w, http:\/\/cac-gourdon.com\/wordpress\/wp-content\/uploads\/2026\/04\/b7b26634-27bf-49a8-94dd-a6c064037762.jpeg 1440w\" sizes=\"auto, (max-width: 768px) 100vw, 768px\" \/><\/figure>\n\n\n\n<figure class=\"wp-block-image size-large\"><img loading=\"lazy\" decoding=\"async\" width=\"576\" height=\"1024\" data-id=\"591\" src=\"https:\/\/cac-gourdon.com\/wordpress\/wp-content\/uploads\/2026\/04\/eafdbf15-8f13-4a4b-843d-61127a6036f6-576x1024.jpeg\" alt=\"\" class=\"wp-image-591\" srcset=\"http:\/\/cac-gourdon.com\/wordpress\/wp-content\/uploads\/2026\/04\/eafdbf15-8f13-4a4b-843d-61127a6036f6-576x1024.jpeg 576w, http:\/\/cac-gourdon.com\/wordpress\/wp-content\/uploads\/2026\/04\/eafdbf15-8f13-4a4b-843d-61127a6036f6-169x300.jpeg 169w, http:\/\/cac-gourdon.com\/wordpress\/wp-content\/uploads\/2026\/04\/eafdbf15-8f13-4a4b-843d-61127a6036f6-768x1365.jpeg 768w, http:\/\/cac-gourdon.com\/wordpress\/wp-content\/uploads\/2026\/04\/eafdbf15-8f13-4a4b-843d-61127a6036f6-864x1536.jpeg 864w, http:\/\/cac-gourdon.com\/wordpress\/wp-content\/uploads\/2026\/04\/eafdbf15-8f13-4a4b-843d-61127a6036f6-1024x1820.jpeg 1024w, http:\/\/cac-gourdon.com\/wordpress\/wp-content\/uploads\/2026\/04\/eafdbf15-8f13-4a4b-843d-61127a6036f6.jpeg 1080w\" sizes=\"auto, (max-width: 576px) 100vw, 576px\" \/><\/figure>\n\n\n\n<figure class=\"wp-block-image size-large\"><img loading=\"lazy\" decoding=\"async\" width=\"768\" height=\"1024\" data-id=\"590\" src=\"https:\/\/cac-gourdon.com\/wordpress\/wp-content\/uploads\/2026\/04\/dfacc3a9-7c4b-4e2e-91e2-275280eea1ee-768x1024.jpeg\" alt=\"\" class=\"wp-image-590\" srcset=\"http:\/\/cac-gourdon.com\/wordpress\/wp-content\/uploads\/2026\/04\/dfacc3a9-7c4b-4e2e-91e2-275280eea1ee-768x1024.jpeg 768w, http:\/\/cac-gourdon.com\/wordpress\/wp-content\/uploads\/2026\/04\/dfacc3a9-7c4b-4e2e-91e2-275280eea1ee-225x300.jpeg 225w, http:\/\/cac-gourdon.com\/wordpress\/wp-content\/uploads\/2026\/04\/dfacc3a9-7c4b-4e2e-91e2-275280eea1ee-1152x1536.jpeg 1152w, http:\/\/cac-gourdon.com\/wordpress\/wp-content\/uploads\/2026\/04\/dfacc3a9-7c4b-4e2e-91e2-275280eea1ee-1024x1365.jpeg 1024w, http:\/\/cac-gourdon.com\/wordpress\/wp-content\/uploads\/2026\/04\/dfacc3a9-7c4b-4e2e-91e2-275280eea1ee.jpeg 1440w\" sizes=\"auto, (max-width: 768px) 100vw, 768px\" \/><\/figure>\n<\/figure>\n\n\n\n<hr class=\"wp-block-separator has-alpha-channel-opacity\"\/>\n\n\n\n<div class=\"wp-block-media-text is-stacked-on-mobile\" style=\"grid-template-columns:15% auto\"><figure class=\"wp-block-media-text__media\"><img loading=\"lazy\" decoding=\"async\" width=\"161\" height=\"148\" src=\"http:\/\/cac-gourdon.com\/wordpress\/wp-content\/uploads\/2026\/04\/tache.png\" alt=\"\" class=\"wp-image-506 size-full\"\/><\/figure><div class=\"wp-block-media-text__content\">\n<p><em>Mardi 31 Mars &#8230; atelier peintures <\/em><\/p>\n<\/div><\/div>\n\n\n\n<figure class=\"wp-block-gallery has-nested-images columns-default is-cropped wp-block-gallery-2 is-layout-flex wp-block-gallery-is-layout-flex\">\n<figure class=\"wp-block-image size-large\"><img loading=\"lazy\" decoding=\"async\" width=\"382\" height=\"667\" data-id=\"508\" src=\"https:\/\/cac-gourdon.com\/wordpress\/wp-content\/uploads\/2026\/04\/bambous-2.jpg\" alt=\"\" class=\"wp-image-508\" srcset=\"http:\/\/cac-gourdon.com\/wordpress\/wp-content\/uploads\/2026\/04\/bambous-2.jpg 382w, http:\/\/cac-gourdon.com\/wordpress\/wp-content\/uploads\/2026\/04\/bambous-2-172x300.jpg 172w\" sizes=\"auto, (max-width: 382px) 100vw, 382px\" \/><\/figure>\n\n\n\n<figure class=\"wp-block-image size-large\"><img loading=\"lazy\" decoding=\"async\" width=\"1024\" height=\"768\" data-id=\"507\" src=\"https:\/\/cac-gourdon.com\/wordpress\/wp-content\/uploads\/2026\/04\/bambous-1-1024x768.jpeg\" alt=\"\" class=\"wp-image-507\" srcset=\"http:\/\/cac-gourdon.com\/wordpress\/wp-content\/uploads\/2026\/04\/bambous-1-1024x768.jpeg 1024w, http:\/\/cac-gourdon.com\/wordpress\/wp-content\/uploads\/2026\/04\/bambous-1-300x225.jpeg 300w, http:\/\/cac-gourdon.com\/wordpress\/wp-content\/uploads\/2026\/04\/bambous-1-768x576.jpeg 768w, http:\/\/cac-gourdon.com\/wordpress\/wp-content\/uploads\/2026\/04\/bambous-1-1536x1152.jpeg 1536w, http:\/\/cac-gourdon.com\/wordpress\/wp-content\/uploads\/2026\/04\/bambous-1.jpeg 1920w\" sizes=\"auto, (max-width: 1024px) 100vw, 1024px\" \/><\/figure>\n\n\n\n<figure class=\"wp-block-image size-large\"><img loading=\"lazy\" decoding=\"async\" width=\"1024\" height=\"768\" data-id=\"503\" src=\"https:\/\/cac-gourdon.com\/wordpress\/wp-content\/uploads\/2026\/04\/peinture-1024x768.jpeg\" alt=\"\" class=\"wp-image-503\" srcset=\"http:\/\/cac-gourdon.com\/wordpress\/wp-content\/uploads\/2026\/04\/peinture-1024x768.jpeg 1024w, http:\/\/cac-gourdon.com\/wordpress\/wp-content\/uploads\/2026\/04\/peinture-300x225.jpeg 300w, http:\/\/cac-gourdon.com\/wordpress\/wp-content\/uploads\/2026\/04\/peinture-768x576.jpeg 768w, http:\/\/cac-gourdon.com\/wordpress\/wp-content\/uploads\/2026\/04\/peinture-1536x1152.jpeg 1536w, http:\/\/cac-gourdon.com\/wordpress\/wp-content\/uploads\/2026\/04\/peinture.jpeg 2000w\" sizes=\"auto, (max-width: 1024px) 100vw, 1024px\" \/><\/figure>\n<\/figure>\n\n\n\n<p>Apr\u00e8s l&rsquo;effort, le r\u00e9confort &#8230;.<\/p>\n\n\n\n<figure class=\"wp-block-image size-large\"><img loading=\"lazy\" decoding=\"async\" width=\"1024\" height=\"768\" src=\"https:\/\/cac-gourdon.com\/wordpress\/wp-content\/uploads\/2026\/04\/bambou3-1024x768.jpeg\" alt=\"\" class=\"wp-image-509\" srcset=\"http:\/\/cac-gourdon.com\/wordpress\/wp-content\/uploads\/2026\/04\/bambou3-1024x768.jpeg 1024w, http:\/\/cac-gourdon.com\/wordpress\/wp-content\/uploads\/2026\/04\/bambou3-300x225.jpeg 300w, http:\/\/cac-gourdon.com\/wordpress\/wp-content\/uploads\/2026\/04\/bambou3-768x576.jpeg 768w, http:\/\/cac-gourdon.com\/wordpress\/wp-content\/uploads\/2026\/04\/bambou3-1536x1152.jpeg 1536w, http:\/\/cac-gourdon.com\/wordpress\/wp-content\/uploads\/2026\/04\/bambou3.jpeg 1600w\" sizes=\"auto, (max-width: 1024px) 100vw, 1024px\" \/><\/figure>\n\n\n\n<h2 class=\"wp-block-heading has-white-color has-vivid-green-cyan-background-color has-text-color has-background has-link-color wp-elements-cc5e6de84c450366ca6843c59a5e0409\">14 Janvier 2026 &#8211; Assembl\u00e9e G\u00e9n\u00e9rale et &#8230;. galette !<\/h2>\n\n\n\n<p><\/p>\n\n\n\n<p>Toutes et tous \u00e9lu.e.s \u00e0 l&rsquo;unanimit\u00e9 <\/p>\n\n\n\n<p><strong>Pr\u00e9sident <\/strong>: Jean-Pierre Cuny  &#8211; <strong>Pr\u00e9sidente adjointe <\/strong>: Nicole Nayrat<br><strong>Secr\u00e9taire<\/strong> : Christine Mercier &#8211;<strong> Secr\u00e9taire adjointe<\/strong> : Val\u00e9rie Barr\u00e9<br><strong>Tr\u00e9sori\u00e8re<\/strong> : Nicole Nayrat &#8211; <strong>Tr\u00e9sori\u00e8re<\/strong> <strong>Adjointe<\/strong> : Nathalie Four\u00e8s<\/p>\n\n\n\n<p>Retrouvez- les sur les photos parmi les autres adh\u00e9rent.e.s  <\/p>\n\n\n\n<p>Et pour ne rien vous cacher \u00e7a s&rsquo;est termin\u00e9 en chansons ! <br><br><\/p>\n\n\n\n<figure class=\"wp-block-gallery has-nested-images columns-default is-cropped wp-block-gallery-3 is-layout-flex wp-block-gallery-is-layout-flex\">\n<figure class=\"wp-block-image size-large\"><img loading=\"lazy\" decoding=\"async\" width=\"1024\" height=\"601\" data-id=\"440\" src=\"https:\/\/cac-gourdon.com\/wordpress\/wp-content\/uploads\/2026\/01\/CAC-2026-PDT-ET-TRESORIER-1024x601.jpeg\" alt=\"\" class=\"wp-image-440\" srcset=\"http:\/\/cac-gourdon.com\/wordpress\/wp-content\/uploads\/2026\/01\/CAC-2026-PDT-ET-TRESORIER-1024x601.jpeg 1024w, http:\/\/cac-gourdon.com\/wordpress\/wp-content\/uploads\/2026\/01\/CAC-2026-PDT-ET-TRESORIER-300x176.jpeg 300w, http:\/\/cac-gourdon.com\/wordpress\/wp-content\/uploads\/2026\/01\/CAC-2026-PDT-ET-TRESORIER-768x451.jpeg 768w, http:\/\/cac-gourdon.com\/wordpress\/wp-content\/uploads\/2026\/01\/CAC-2026-PDT-ET-TRESORIER.jpeg 1533w\" sizes=\"auto, (max-width: 1024px) 100vw, 1024px\" \/><\/figure>\n\n\n\n<figure class=\"wp-block-image size-large\"><img loading=\"lazy\" decoding=\"async\" width=\"703\" height=\"552\" data-id=\"437\" src=\"https:\/\/cac-gourdon.com\/wordpress\/wp-content\/uploads\/2026\/01\/CAC-2026-5.jpg\" alt=\"\" class=\"wp-image-437\" srcset=\"http:\/\/cac-gourdon.com\/wordpress\/wp-content\/uploads\/2026\/01\/CAC-2026-5.jpg 703w, http:\/\/cac-gourdon.com\/wordpress\/wp-content\/uploads\/2026\/01\/CAC-2026-5-300x236.jpg 300w\" sizes=\"auto, (max-width: 703px) 100vw, 703px\" \/><\/figure>\n\n\n\n<figure class=\"wp-block-image size-large\"><img loading=\"lazy\" decoding=\"async\" width=\"643\" height=\"541\" data-id=\"436\" src=\"https:\/\/cac-gourdon.com\/wordpress\/wp-content\/uploads\/2026\/01\/CAC-2026-4.jpg\" alt=\"\" class=\"wp-image-436\" srcset=\"http:\/\/cac-gourdon.com\/wordpress\/wp-content\/uploads\/2026\/01\/CAC-2026-4.jpg 643w, http:\/\/cac-gourdon.com\/wordpress\/wp-content\/uploads\/2026\/01\/CAC-2026-4-300x252.jpg 300w\" sizes=\"auto, (max-width: 643px) 100vw, 643px\" \/><\/figure>\n\n\n\n<figure class=\"wp-block-image size-large\"><img loading=\"lazy\" decoding=\"async\" width=\"1024\" height=\"461\" data-id=\"439\" src=\"https:\/\/cac-gourdon.com\/wordpress\/wp-content\/uploads\/2026\/01\/CAC-2026-3-1024x461.jpeg\" alt=\"\" class=\"wp-image-439\" srcset=\"http:\/\/cac-gourdon.com\/wordpress\/wp-content\/uploads\/2026\/01\/CAC-2026-3-1024x461.jpeg 1024w, http:\/\/cac-gourdon.com\/wordpress\/wp-content\/uploads\/2026\/01\/CAC-2026-3-300x135.jpeg 300w, http:\/\/cac-gourdon.com\/wordpress\/wp-content\/uploads\/2026\/01\/CAC-2026-3-768x346.jpeg 768w, http:\/\/cac-gourdon.com\/wordpress\/wp-content\/uploads\/2026\/01\/CAC-2026-3-1536x691.jpeg 1536w, http:\/\/cac-gourdon.com\/wordpress\/wp-content\/uploads\/2026\/01\/CAC-2026-3.jpeg 1600w\" sizes=\"auto, (max-width: 1024px) 100vw, 1024px\" \/><\/figure>\n\n\n\n<figure class=\"wp-block-image size-large\"><img loading=\"lazy\" decoding=\"async\" width=\"1024\" height=\"461\" data-id=\"435\" src=\"https:\/\/cac-gourdon.com\/wordpress\/wp-content\/uploads\/2026\/01\/CAC-2026-1-1024x461.jpeg\" alt=\"\" class=\"wp-image-435\" srcset=\"http:\/\/cac-gourdon.com\/wordpress\/wp-content\/uploads\/2026\/01\/CAC-2026-1-1024x461.jpeg 1024w, http:\/\/cac-gourdon.com\/wordpress\/wp-content\/uploads\/2026\/01\/CAC-2026-1-300x135.jpeg 300w, http:\/\/cac-gourdon.com\/wordpress\/wp-content\/uploads\/2026\/01\/CAC-2026-1-768x346.jpeg 768w, http:\/\/cac-gourdon.com\/wordpress\/wp-content\/uploads\/2026\/01\/CAC-2026-1-1536x691.jpeg 1536w, http:\/\/cac-gourdon.com\/wordpress\/wp-content\/uploads\/2026\/01\/CAC-2026-1.jpeg 1600w\" sizes=\"auto, (max-width: 1024px) 100vw, 1024px\" \/><\/figure>\n\n\n\n<figure class=\"wp-block-image size-large\"><img loading=\"lazy\" decoding=\"async\" width=\"1024\" height=\"461\" data-id=\"438\" src=\"https:\/\/cac-gourdon.com\/wordpress\/wp-content\/uploads\/2026\/01\/CAC-2026-1024x461.jpeg\" alt=\"\" class=\"wp-image-438\" srcset=\"http:\/\/cac-gourdon.com\/wordpress\/wp-content\/uploads\/2026\/01\/CAC-2026-1024x461.jpeg 1024w, http:\/\/cac-gourdon.com\/wordpress\/wp-content\/uploads\/2026\/01\/CAC-2026-300x135.jpeg 300w, http:\/\/cac-gourdon.com\/wordpress\/wp-content\/uploads\/2026\/01\/CAC-2026-768x346.jpeg 768w, http:\/\/cac-gourdon.com\/wordpress\/wp-content\/uploads\/2026\/01\/CAC-2026-1536x691.jpeg 1536w, http:\/\/cac-gourdon.com\/wordpress\/wp-content\/uploads\/2026\/01\/CAC-2026.jpeg 1600w\" sizes=\"auto, (max-width: 1024px) 100vw, 1024px\" \/><\/figure>\n<\/figure>\n\n\n\n<p><\/p>\n\n\n\n<h2 class=\"wp-block-heading has-white-color has-vivid-cyan-blue-background-color has-text-color has-background has-link-color wp-elements-c8ae91cc0e447d3e1669d6fe1a641671\">Derni\u00e8re r\u00e9union ce 1\/07\/2025 <\/h2>\n\n\n\n<p>avant la pause estivale, dans une ambiance conviviale. Les sujets pr\u00e9vus ont \u00e9t\u00e9 trait\u00e9s, d\u00e9battus par des participants motiv\u00e9.e.s et pro-actifs.<\/p>\n\n\n\n<p>Le chat surveillait depuis la rue&#8230;.<\/p>\n\n\n\n<p>La prochaine saison sera \u00e0 nouveau pleine d&rsquo;energie et de projets. <\/p>\n\n\n\n<figure class=\"wp-block-gallery has-nested-images columns-default is-cropped wp-block-gallery-4 is-layout-flex wp-block-gallery-is-layout-flex\">\n<figure class=\"wp-block-image size-large\"><img loading=\"lazy\" decoding=\"async\" width=\"1024\" height=\"467\" data-id=\"248\" src=\"https:\/\/cac-gourdon.com\/wordpress\/wp-content\/uploads\/2025\/07\/5-reunion-du-1_7_25-2-1024x467.jpg\" alt=\"\" class=\"wp-image-248\" srcset=\"http:\/\/cac-gourdon.com\/wordpress\/wp-content\/uploads\/2025\/07\/5-reunion-du-1_7_25-2-1024x467.jpg 1024w, http:\/\/cac-gourdon.com\/wordpress\/wp-content\/uploads\/2025\/07\/5-reunion-du-1_7_25-2-300x137.jpg 300w, http:\/\/cac-gourdon.com\/wordpress\/wp-content\/uploads\/2025\/07\/5-reunion-du-1_7_25-2-768x350.jpg 768w, http:\/\/cac-gourdon.com\/wordpress\/wp-content\/uploads\/2025\/07\/5-reunion-du-1_7_25-2-1536x700.jpg 1536w, http:\/\/cac-gourdon.com\/wordpress\/wp-content\/uploads\/2025\/07\/5-reunion-du-1_7_25-2.jpg 1951w\" sizes=\"auto, (max-width: 1024px) 100vw, 1024px\" \/><\/figure>\n\n\n\n<figure class=\"wp-block-image size-large\"><img loading=\"lazy\" decoding=\"async\" width=\"1024\" height=\"771\" data-id=\"246\" src=\"https:\/\/cac-gourdon.com\/wordpress\/wp-content\/uploads\/2025\/07\/3-reunion-du-1_7_25-1024x771.jpg\" alt=\"\" class=\"wp-image-246\" srcset=\"http:\/\/cac-gourdon.com\/wordpress\/wp-content\/uploads\/2025\/07\/3-reunion-du-1_7_25-1024x771.jpg 1024w, http:\/\/cac-gourdon.com\/wordpress\/wp-content\/uploads\/2025\/07\/3-reunion-du-1_7_25-300x226.jpg 300w, http:\/\/cac-gourdon.com\/wordpress\/wp-content\/uploads\/2025\/07\/3-reunion-du-1_7_25-768x578.jpg 768w, http:\/\/cac-gourdon.com\/wordpress\/wp-content\/uploads\/2025\/07\/3-reunion-du-1_7_25-1536x1157.jpg 1536w, http:\/\/cac-gourdon.com\/wordpress\/wp-content\/uploads\/2025\/07\/3-reunion-du-1_7_25.jpg 2040w\" sizes=\"auto, (max-width: 1024px) 100vw, 1024px\" \/><\/figure>\n\n\n\n<figure class=\"wp-block-image size-large\"><img loading=\"lazy\" decoding=\"async\" width=\"1024\" height=\"697\" data-id=\"245\" src=\"https:\/\/cac-gourdon.com\/wordpress\/wp-content\/uploads\/2025\/07\/2-reunion-du-1_7_25-1024x697.jpg\" alt=\"\" class=\"wp-image-245\" srcset=\"http:\/\/cac-gourdon.com\/wordpress\/wp-content\/uploads\/2025\/07\/2-reunion-du-1_7_25-1024x697.jpg 1024w, http:\/\/cac-gourdon.com\/wordpress\/wp-content\/uploads\/2025\/07\/2-reunion-du-1_7_25-300x204.jpg 300w, http:\/\/cac-gourdon.com\/wordpress\/wp-content\/uploads\/2025\/07\/2-reunion-du-1_7_25-768x523.jpg 768w, http:\/\/cac-gourdon.com\/wordpress\/wp-content\/uploads\/2025\/07\/2-reunion-du-1_7_25-1536x1046.jpg 1536w, http:\/\/cac-gourdon.com\/wordpress\/wp-content\/uploads\/2025\/07\/2-reunion-du-1_7_25.jpg 2040w\" sizes=\"auto, (max-width: 1024px) 100vw, 1024px\" \/><\/figure>\n\n\n\n<figure class=\"wp-block-image size-large\"><img loading=\"lazy\" decoding=\"async\" width=\"1024\" height=\"688\" data-id=\"250\" src=\"https:\/\/cac-gourdon.com\/wordpress\/wp-content\/uploads\/2025\/07\/7-reunion--1024x688.jpeg\" alt=\"\" class=\"wp-image-250\" srcset=\"http:\/\/cac-gourdon.com\/wordpress\/wp-content\/uploads\/2025\/07\/7-reunion--1024x688.jpeg 1024w, http:\/\/cac-gourdon.com\/wordpress\/wp-content\/uploads\/2025\/07\/7-reunion--300x201.jpeg 300w, http:\/\/cac-gourdon.com\/wordpress\/wp-content\/uploads\/2025\/07\/7-reunion--768x516.jpeg 768w, http:\/\/cac-gourdon.com\/wordpress\/wp-content\/uploads\/2025\/07\/7-reunion--1536x1032.jpeg 1536w, http:\/\/cac-gourdon.com\/wordpress\/wp-content\/uploads\/2025\/07\/7-reunion-.jpeg 2040w\" sizes=\"auto, (max-width: 1024px) 100vw, 1024px\" \/><\/figure>\n<\/figure>\n\n\n<div class=\"wp-block-image\">\n<figure class=\"aligncenter size-large is-resized\"><img loading=\"lazy\" decoding=\"async\" width=\"748\" height=\"1024\" src=\"http:\/\/cac-gourdon.com\/wordpress\/wp-content\/uploads\/2025\/07\/chat-reunion-du-1_7_25-748x1024.jpg\" alt=\"\" class=\"wp-image-249\" style=\"width:131px;height:auto\" srcset=\"http:\/\/cac-gourdon.com\/wordpress\/wp-content\/uploads\/2025\/07\/chat-reunion-du-1_7_25-748x1024.jpg 748w, http:\/\/cac-gourdon.com\/wordpress\/wp-content\/uploads\/2025\/07\/chat-reunion-du-1_7_25-219x300.jpg 219w, http:\/\/cac-gourdon.com\/wordpress\/wp-content\/uploads\/2025\/07\/chat-reunion-du-1_7_25-768x1051.jpg 768w, http:\/\/cac-gourdon.com\/wordpress\/wp-content\/uploads\/2025\/07\/chat-reunion-du-1_7_25-1122x1536.jpg 1122w, http:\/\/cac-gourdon.com\/wordpress\/wp-content\/uploads\/2025\/07\/chat-reunion-du-1_7_25-1024x1402.jpg 1024w, http:\/\/cac-gourdon.com\/wordpress\/wp-content\/uploads\/2025\/07\/chat-reunion-du-1_7_25.jpg 1496w\" sizes=\"auto, (max-width: 748px) 100vw, 748px\" \/><\/figure>\n<\/div>\n\n\n<p><\/p>\n\n\n\n<p><\/p>\n","protected":false},"excerpt":{"rendered":"<p>La pr\u00e9paration de la biennale \u00ab\u00a0v\u00e9g\u00e9tale\u00a0\u00bb 2026 15 jours avant le 1er Mai- L&rsquo;art des \u00e9corces &#8211; l&rsquo;installation des b\u00e2ches de C\u00e9dric Pollet dans la ville &#8230; Mardi 31 Mars &#8230; atelier peintures Apr\u00e8s l&rsquo;effort, le r\u00e9confort &#8230;. 14 Janvier 2026 &#8211; Assembl\u00e9e G\u00e9n\u00e9rale et &#8230;. galette ! Toutes et tous \u00e9lu.e.s \u00e0 l&rsquo;unanimit\u00e9 Pr\u00e9sident [&hellip;]<\/p>\n","protected":false},"author":1,"featured_media":0,"parent":0,"menu_order":0,"comment_status":"closed","ping_status":"closed","template":"","meta":{"_bbp_topic_count":0,"_bbp_reply_count":0,"_bbp_total_topic_count":0,"_bbp_total_reply_count":0,"_bbp_voice_count":0,"_bbp_anonymous_reply_count":0,"_bbp_topic_count_hidden":0,"_bbp_reply_count_hidden":0,"_bbp_forum_subforum_count":0,"footnotes":""},"class_list":["post-240","page","type-page","status-publish","hentry"],"_links":{"self":[{"href":"http:\/\/cac-gourdon.com\/wordpress\/wp-json\/wp\/v2\/pages\/240","targetHints":{"allow":["GET"]}}],"collection":[{"href":"http:\/\/cac-gourdon.com\/wordpress\/wp-json\/wp\/v2\/pages"}],"about":[{"href":"http:\/\/cac-gourdon.com\/wordpress\/wp-json\/wp\/v2\/types\/page"}],"author":[{"embeddable":true,"href":"http:\/\/cac-gourdon.com\/wordpress\/wp-json\/wp\/v2\/users\/1"}],"replies":[{"embeddable":true,"href":"http:\/\/cac-gourdon.com\/wordpress\/wp-json\/wp\/v2\/comments?post=240"}],"version-history":[{"count":14,"href":"http:\/\/cac-gourdon.com\/wordpress\/wp-json\/wp\/v2\/pages\/240\/revisions"}],"predecessor-version":[{"id":603,"href":"http:\/\/cac-gourdon.com\/wordpress\/wp-json\/wp\/v2\/pages\/240\/revisions\/603"}],"wp:attachment":[{"href":"http:\/\/cac-gourdon.com\/wordpress\/wp-json\/wp\/v2\/media?parent=240"}],"curies":[{"name":"wp","href":"https:\/\/api.w.org\/{rel}","templated":true}]}}